 666.
590
What is the remainder when 818867 is divided by 711?
506
Calculate the remainder when 79409768 is divided by 138.
14
What is the remainder when 75802 is divided by 9441?
274
What is the remainder when 35381918 is divided by 297?
11
What is the remainder when 2143140 is divided by 7339?
152
Calculate the remainder when 206380 is divided by 403.
44
Calculate the remainder when 86240 is divided by 375.
365
What is the remainder when 33889 is divided by 583?
75
What is the remainder when 6716323 is divided by 15?
13
Calculate the remainder when 971375 is divided by 198.
185
What is the remainder when 15721 is divided by 1222?
1057
Calculate the remainder when 334368 is divided by 14401.
3145
What is the remainder when 112745746 is divided by 14690?
14686
What is the remainder when 301790 is divided by 1074?
1070
Calculate the remainder when 247488 is divided by 3660.
2268
What is the remainder when 18675 is divided by 7728?
3219
Calculate the remainder when 3293473441 is divided by 13.
11
Calculate the remainder when 25624670 is divided by 1084.
1078
Calculate the remainder when 3498169 is divided by 130.
129
What is the remainder when 1462689 is divided by 453?
405
What is the remainder when 18209663 is divided by 358?
351
Calculate the remainder when 6153868 is divided by 3076919.
30
What is the remainder when 35447847 is divided by 75?
72
Calculate the remainder when 6234269 is divided by 30.
29
Calculate the remainder when 1612533 is divided by 806265.
3
Calculate the remainder when 752937 is divided by 643.
627
What is the remainder when 1658864 is divided by 4?
0
What is the remainder when 2356995 is divided by 2356778?
217
What is the remainder when 698349 is divided by 699?
48
Calculate the remainder when 2074375 is divided by 165.
160
Calculate the remainder when 222497 is divided by 363.
341
Calculate the remainder when 94363 is divided by 3227.
780
What is the remainder when 116612529 is divided by 131?
128
Calculate the remainder when 249928 is divided by 3244.
140
Calculate the remainder when 3404900591 is divided by 3606.
3605
What is the remainder when 18663215 is divided by 104?
103
Calculate the remainder when 1010419 is divided by 144343.
18
What is the remainder when 27308777 is divided by 1280?
1257
Calculate the remainder when 972605 is divided by 324166.
107
What is the remainder when 107396956 is divided by 26849238?
4
Calculate the remainder when 4576831 is divided by 104014.
215
Calculate the remainder when 20355168 is divided by 222.
210
What is the remainder when 10257819 is divided by 1731?
1644
Calculate the remainder when 377946416 is divided by 372.
368
Calculate the remainder when 37752089 is divided by 1978.
1959
What is the remainder when 21778298 is divided by 100?
98
Calculate the remainder when 1249034 is divided by 156127.
18
Calculate the remainder when 15027 is divided by 579.
552
Calculate the remainder when 10885956 is divided by 124.
120
What is the remainder when 33273 is divided by 32?
25
What is the remainder when 3987995 is divided by 47?
45
What is the remainder when 89409017 is divided by 17?
16
What is the remainder when 8761852 is divided by 2065?
57
What is the remainder when 770789438 is divided by 12321?
12320
What is the remainder when 2691466 is divided by 672865?
6
What is the remainder when 7817741 is divided by 370?
11
What is the remainder when 67784 is divided by 21233?
4085
Calculate the remainder when 1114816 is divided by 6192.
256
What is the remainder when 1652 is divided by 939?
713
Calculate the remainder when 418057 is divided by 1149.
970
Calculate the remainder when 21602143 is divided by 5400525.
43
Calculate the remainder when 3015706 is divided by 75.
31
Calculate the remainder when 200678 is divided by 1914.
1622
What is the remainder when 41519 is divided by 13041?
2396
Calculate the remainder when 13512 is divided by 5640.
2232
What is the remainder when 968513 is divided by 153?
23
Calculate the remainder when 19677 is divided by 452.
241
Calculate the remainder when 3772092 is divided by 3772089.
3
What is the remainder when 1341140 is divided by 5635?
10
What is the remainder when 1303034 is divided by 228?
14
What is the remainder when 7478281 is divided by 17?
15
What is the remainder when 65380 is divided by 6251?
2870
What is the remainder when 172669682 is divided by 22?
20
Calculate the remainder when 22987 is divided by 21591.
1396
Calculate the remainder when 4228230 is divided by 96096.
6
What is the remainder when 95322 is divided by 443?
77
What is the remainder when 4843896 is divided by 40705?
1
Calculate the remainder when 2832921 is divided by 118038.
9
What is the remainder when 27715 is divided by 5527?
80
Calculate the remainder when 403675 is divided by 201759.
157
Calculate the remainder when 6264978 is divided by 62.
2
Calculate the remainder when 355065 is divided by 355062.
3
Calculate the remainder when 264759 is divided by 95.
89
Calculate the remainder when 328544403 is divided by 29.
10
What is the remainder when 4092522 is divided by 3483?
3480
What is the remainder when 32144204 is divided by 10714733?
5
What is the remainder when 12912855 is divided by 163?
158
What is the remainder when 13488088 is divided by 6?
4
Calculate the remainder when 1502420830 is divided by 108.
106
What is the remainder when 48185234 is divided by 559?
552
Calculate the remainder when 50793163 is divided by 457596.
7
Calculate the remainder when 22868 is divided by 11375.
118
Calculate the remainder when 1233881 is divided by 119.
89
Calculate the remainder when 29611732 is divided by 2549.
2548
Calculate the remainder when 1933376 is divided by 1933353.
23
Calculate the remainder when 3232231 is divided by 327.
163
What is the remainder when 65991 is divided by 20824?
3519
Calculate the remainder when 2037053 is divided by 794.
443
Calculate the remainder when 1547400 is divided by 3623.
379
What is the remainder when 3859 is divided by 3484?
375
Calculate the remainder when 9499556 is divided by 840.
836
Calculate the remainder when 161455 is divided by 784.
735
Calculate the remainder when 205500 is divided by 15788.
256
What is the remainder when 441720 is divided by 441711?
9
What is the remainder when 13691 is divided by 8119?
5572
What is the remainder when 523170 is divided by 8866?
76
What is the remainder when 5274101 is divided by 4888?
4837
Calculate the remainder when 231512628 is divided by 2489383.
9
Calculate the remainder when 2092676 is divided by 335.
266
Calculate the remainder when 31545 is divided by 10502.
39
What is the remainder when 42899 is divided by 111?
53
What is the remainder when 8831132 is divided by 588738?
62
Calculate the remainder when 1305561 is divided by 326369.
85
Calculate the remainder when 5290259 is divided by 43.
12
What is the remainder when 99434226 is divided by 14204889?
3
What is the remainder when 13483014 is divided by 208?
38
What is the remainder when 38573982 is divided by 3059?
3051
Calculate the remainder when 2061846 is divided by 220.
6
Calculate the remainder when 445298 is divided by 63166.
3136
Calculate the remainder when 284172 is divided by 229.
212
Calculate the remainder when 2812622 is divided by 165448.
6
Calculate the remainder when 2763296 is divided by 1370.
6
What is the remainder when 119670 is divided by 5983?
10
What is the remainder when 21001426 is divided by 184223?
4
Calculate the remainder when 2293059 is divided by 33.
21
What is the remainder when 475884 is divided by 9711?
45
Calculate the remainder when 62788 is divided by 11924.
3168
What is the remainder when 330689 is divided by 66127?
54
What is the remainder when 32977678 is divided by 12?
10
What is the remainder when 220231 is divided by 130?
11
What is the remainder when 464025 is divided by 850?
775
Calculate the remainder when 1600592 is divided by 20.
12
What is the remainder when 16313 is divided by 13765?
2548
Calculate the remainder when 8292202 is divided by 392.
226
Calculate the remainder when 6414757 is divided by 1342.
1339
Calculate the remainder when 911191 is divided by 303725.
16
Calculate the remainder when 25625064 is divided by 4268.
4260
Calculate the remainder when 1044141 is divided